alculate m(0).
6
Let n(q) = -5*q**3 - 23*q**2 + 15*q - 14. Let z(c) = 3*c**3 + 15*c**2 - 10*c + 9. Let w = 3 + 2. Let v(f) = w*n(f) + 8*z(f). Give v(3).
5
Let b(i) be the second derivative of i**5/10 - i**4/12 - i**3/6 + i**2/2 - i. Let v(q) = q - 3*q**2 + q**3 - 1 + 2 - 3 + 0*q**3. Let k be v(3). Determine b(k).
1
Let t(m) = 4*m**2 - 6*m + 8 - 5*m**2 + m. Let u(a) = 2*a**3 + a**2 - 2*a + 1. Let k be u(-2). Let h = -13 - k. Determine t(h).
2
Let q = -23 + 35. Suppose -2*v + 0*v = q. Let t(f) = f**2 + 7*f + 9. Let a be t(v). Let c(r) = -r**2 + 3*r. What is c(a)?
0
Let o(a) = 69 - 69 - 2*a + 5*a. Determine o(-1).
-3
Suppose -3*a + 100 = 2*a. Suppose 9*k - 4*k - a = 0. Let s(l) be the first derivative of l**2 - 5*l - 16. Determine s(k).
3
Let j(v) = 6*v**2 + 3*v - 3. Let l(r) = -r**2. Let f(q) = -j(q) - 5*l(q). Calculate f(3).
-15
Let u(x) be the second derivative of x**4/12 - x**3/3 - 3*x**2/2 - x. Let s(p) = -p**3 - 2*p**2 - 3*p - 3. Let a be s(-2). Determine u(a).
0
Let x = 45 - 45. Let d(r) = r + 3. Give d(x).
3
Suppose -18 = d - 4*d. Suppose -l - d = -3*l. Let j(n) = -4*n + 4. Calculate j(l).
-8
Let r(z) = -8*z**2 - 3 + 7*z**2 - z + 4. Let y(q) = -5*q**2 + 2*q. Let c(m) = -4*r(m) + y(m). What is c(4)?
4
Suppose 5*v + 2*y + 1 - 9 = 0, 3*v - 3*y - 9 = 0. Let j(q) = 1 - 2*q + 1 + q**3 + 3*q**v - 2*q. Calculate j(-4).
2
Suppose 3*j + 2*j - 15 = 0. Suppose -i + 2 = j. Let l(h) be the first derivative of -5*h**3/3 - 21. Determine l(i).
-5
Let g(n) = 2*n**2 + 6*n + 1. Let b(a) = a**2 + 3*a + 1. Let k(i) = 5*b(i) - 3*g(i). Let f(p) = 4*p. Let y be f(-1). Calculate k(y).
-2
Suppose -4*r - 33 = -7*r. Let m(k) be the first derivative of r*k + 2 - 1/2*k**2. Give m(0).
11
Let r(h) = -5*h**3 - 2*h**2 - h. Let w = -16 + 15. What is r(w)?
4
Let t be (6 - 0) + (-3)/3. Let x = t - 5. Let f(b) = -b + x - 2 + 4. Calculate f(-3).
5
Let j(c) = -c**2 + 2*c + 4. Let p(z) = 3*z**3 - z**2 + 1. Let v be p(-1). Let r be 0 - (0 - v)*-1. What is j(r)?
1
Let p(h) = -5*h - 3. Let n = 15 - 17. Calculate p(n).
7
Let g(a) = 12*a - 10*a - 2 - 3 + 3. Suppose -4 = -p + 2*b, 3*b - 12 = 3*p + 5*b. Calculate g(p).
-6
Let q(l) be the third derivative of l**5/30 - l**4/8 - l**3/3 - l**2. Let g(m) = 3*m**2 - m + 1. Let a be g(1). Calculate q(a).
7
Suppose -4*u - 21 = 3*u. Let i(z) be the third derivative of z**6/120 + z**5/20 - z**4/12 - z**2. Determine i(u).
6
Let j(z) = -3*z + 4*z - 2 + 3*z - 5*z. Suppose 26 = 3*o + 5*b - 3*b, -3*b - 6 = -3*o. Calculate j(o).
-8
Let t(h) = -3*h**3 + 3*h**2. Let w(l) = -16*l**3 + 14*l**2. Let m(p) = -14*t(p) + 3*w(p). Calculate m(-1).
6
Let c(z) = -z**2 + z + 1. Let k = -4 - -3. Let n be 0 - (1 - (k + 1)). Give c(n).
-1
Let f be (-14)/(-4) + 1/2. Suppose f*k - 9 = k. Let v(z) be the second derivative of z**4/12 - z**3/3 - 6*z. Calculate v(k).
3
Let q(m) = m**3 - 4*m**2 - 3*m - 7. Let k be q(5). Let n(s) = 6*s + 0 + 2 + 2*s**k - 3*s**2 - 7*s. What is n(2)?
4
Let f(u) = 11*u - 4*u - 1 - 3*u + 6*u**2 - 3*u. Determine f(1).
6
Let q(y) = -6*y + 4*y + 5*y + 2 - 2*y. Determine q(6).
8
Let k(v) = -v**3 - 5. Let p = -23 - -15. Let a be p/2*(-2)/4. Suppose -5*g + a*g = 0. What is k(g)?
-5
Let m be ((-1)/(-3))/(2/12). Suppose -h = -6*h + 20. Let x(g) = -3*g**2 - 4*g - h - 2*g + g**3 + 3 + 7*g. Determine x(m).
-3
Let q(v) = v**3 - v**2 - 2*v - 4. Let i(m) = 2*m - 3. Let z be i(3). Give q(z).
8
Let a(y) = 5*y**2 + y. Suppose 4 = -9*o + 5*o. What is a(o)?
4
Let y(k) be the second derivative of k + 1/12*k**4 + 0 + 5/6*k**3 + 1/2*k**2. What is y(-4)?
-3
Let b(w) = -w**3 + 3*w**2 + 1. Let r(h) = 4*h. Let d be r(-1). Let l(x) = -x**3 - 7*x**2. Let q be l(d). Let y be q/(-27) - (-6)/27. Give b(y).
5
Let l(n) = 19*n + 1. Let u(b) = -20*b - 1. Let m(q) = 6*l(q) + 5*u(q). Calculate m(-1).
-13
Let g(q) = -8*q**3 - 8*q - 5. Let m(r) = 3*r**3 + 3*r + 2. Let i(k) = -4*g(k) - 11*m(k). Calculate i(0).
-2
Let f(u) = -4*u - 6. Let g(t) = 9 + 5*t + 3*t + 2. Let w be 1/(-2) - 66/(-12). Let d(l) = w*f(l) + 3*g(l). Give d(-2).
-5
Let p(o) = 2*o**2 - 21*o + 17. Let c(m) = m**2 - 10*m + 8. Let y(i) = -9*c(i) + 4*p(i). Calculate y(6).
-4
Let g = 18 - -3. Let d = -15 + g. Let b(r) = r**2 - 6*r + 3. What is b(d)?
3
Let h(y) be the second derivative of -y**3/2 - 4*y**2 + 39*y. What is h(-7)?
13
Let q(o) = -3*o. Let n be q(-2). Let y(p) = -2*p - 3. What is y(n)?
-15
Let m(k) = k**2 + 4*k - 1. Let r(t) = t**2 + 8*t + 12. Let y be r(-5). Give m(y).
-4
Let l(z) be the second derivative of z**7/840 - z**6/360 + z**5/120 + 2*z**3/3 - 9*z. Let i(n) be the second derivative of l(n). Give i(1).
1
Suppose -a = -3*f + 20, -4*a = 2*f + f - 10. Let t be (-6)/(-1)*f/(-9). Let r = -3 - t. Let m(z) = 8*z**2 - 1. Give m(r).
7
Let u(o) be the first derivative of o**4/4 - 2*o**3/3 + 2*o - 48. Determine u(2).
2
Let d be (-8)/4*10/(-4). Suppose -4*r = 16, 0 = -t - d*r + r - 16. Let l(s) = -s + 3. Give l(t).
3
Let z(l) = 48 - 96 - l + 47 + 6*l**3. Determine z(-1).
-6
Let b be (-1*(3 - 1))/(-1). Let i(a) = a**2 + 4*a + 6. Let u be i(-4). Suppose 17 = 4*h - o, -u = 3*h + o + b*o. Let x(f) = -f**2 + 2*f + 3. What is x(h)?
0
Let y(b) be the second derivative of -b**4/12 + 4*b**3/3 - 7*b**2/2 + 26*b. What is y(7)?
0
Suppose -f + 6 = -3*o, -4*f + 6*o - o - 4 = 0. Let t(z) = z**3 + 6*z**2 + 3*z + 7. Determine t(f).
-11
Let c(z) be the second derivative of -z**6/720 + z**5/30 + z**4/4 - 3*z. Let y(s) be the third derivative of c(s). Give y(6).
-2
Let r(q) = -q**2 - 3*q + 2. Suppose 0*h + 13 = z - 4*h, -4*z + 8 = -5*h. What is r(z)?
2
Suppose -3*o + 0*o + 18 = 0. Suppose 1 = 5*n - 4*h, o = 3*n - 2*n + 5*h. Let t be (-1 - 2)*1/n. Let w(k) = k**3 + 3*k**2 + 2*k - 1. Calculate w(t).
-7
Let z(s) = 3 - s - 2 - 2. Let w(m) = m**3 - 3*m - 1. Let f be w(-2). Let j be (-13)/f + 1/(-3). Give z(j).
-5
Let j(v) = -1 - 4*v**2 + v + 1 + 3 + v**3. Let n be (-36)/(-10) - (-4)/10. Give j(n).
7
Let l(t) = -3*t**3 + 8*t**2 - 9*t. Let w(r) = -10*r**3 + 24*r**2 - 28*r. Let s(z) = 7*l(z) - 2*w(z). Let d = -27 - -34. Calculate s(d).
0
Let g(b) = b**3 - 2*b**2 - 5*b + 2. Suppose -4*c - 2 = -2*f, -3*f - 3*c - 2*c + 14 = 0. What is g(f)?
-4
Let o(w) = 5*w + 3 - 5*w**2 - 8*w**2 + 22*w**2 - 10*w**2. What is o(6)?
-3
Let o = 4 + 1. Let k(n) = -2*n**2 + 2 + 2*n**2 + 5*n**2 - n**3. Determine k(o).
2
Let q(h) = -3*h + 2*h + 3 - 1. Let t = -8 - -15. Suppose t - 1 = 3*j. Determine q(j).
0
Let d(i) = 3*i - 6. Let y be d(3). Let v(c) be the first derivative of 1/3*c**3 + y + 3*c - 3/2*c**2. What is v(3)?
3
Let w(k) be the second derivative of -1/6*k**4 - 2/3*k**3 + 0 + 1/2*k**2 + k. What is w(-3)?
-5
Suppose -5*z = h + 28, -3*h - 14 = 2*z + 18. Let d = 11 + h. Let v(t) be the third derivative of t**6/120 - t**5/15 + t**4/8 + 2*t**3/3 - t**2. Give v(d).
4
Let s be (-51)/5 + 3/15. Let z = 11 + s. Let v(d) = -9*d**2 + 1. Determine v(z).
-8
Let z(j) be the first derivative of j**3/3 + 5*j**2/2 + 11. Let b be (-30)/9*6/(-4). Let n(g) = g**3 - 4*g**2 - 6*g + 1. Let v be n(b). Give z(v).
-4
Let n(s) = 7*s**3 + 3*s**2 - 5*s - 1. Let d(y) = 2*y**3 + 3*y**2 + 4*y**3 - 5 - 4*y + 4. Let a(i) = 5*d(i) - 4*n(i). Determine a(-2).
-5
Let v(y) = y**2 - 11*y. Let g be v(11). Let c(q) = q**2 + 4. Give c(g).
4
Let i(x) be the third derivative of x**5/60 - x**4/12 - x**3/6 + 2*x**2. Let m = 0 + 4. What is i(m)?
7
Suppose 3*r - 6 - 9 = -3*i, 5*r - i = -5. Let z(d) = -4*d + 2. Let f(m) = -3*m + 3. Let u = 0 + 4. Let p(t) = u*z(t) - 5*f(t). Calculate p(r).
-7
Let t be ((-7)/3)/((-2)/6). Suppose -2*n = -3*q + t, 1 = -2*q + 2*n + 3. Suppose 0 = q*g - 2 - 8, 0 = 5*r - g + 12. Let a(w) = w. Determine a(r).
-2
Let p(r) = r - 1 - 11*r + 12*r. Determine p(3).
5
Let p(c) = -1 - 7 - c + 3 + 0*c. What is p(-5)?
0
Let c(w) be the second derivative of 2*w**4/3 + w**3/6 - w**2/2 + 8*w. What is c(1)?
8
Let v = 33 + -28. Let r(s) = 4*s**3 - 3*s**3 - v*s**2 - 1 + 0*s - 7*s. Let f be (-3)/2*(-4 + 0). Calculate r(f).
-7
Let z(u) = 11*u - 7*u - u. Give z(5).
15
Let b(o) be the third derivative of -o**4/12 + 11*o**2. Calculate b(-5).
10
Let c(s) = -4*s - 1. Suppose -3 - 13 = 4*y. Let z = 6 + y. Suppose 3 = -5*t - z. What is c(t)?
3
Let t(m) be the first derivative of m**2/2 + m + 45. Calculate t(7).
8
Let j(b) = -b**2 - 3*b + 6. Let g(w) = -w + 4. Suppose 3*s = -5*m - 0*s + 33, 4*m = -s + 32. 